uppose 3*y = -2*y + 30. List the prime factors of y.
2, 3
Suppose 20 - 8 = 3*j. Suppose -j*c + 4 = -2*c, 0 = -4*f + 4*c + 40. What are the prime factors of f?
2, 3
Let b be -14 + (1 - 2)/1. Let i = 22 + b. What are the prime factors of i?
7
Let a(o) = -o**2 + 4*o + 3. Let i be a(4). Suppose 38 = i*v + 4*z, -v + 0*v - z + 11 = 0. What are the prime factors of v?
2, 3
Let b(r) = r**2 - 4*r + 16. Let o be b(11). Let c = o - 46. List the prime factors of c.
47
Suppose -7 = h - 0. Let z = h - -11. Suppose z*q = 7*q - 15. List the prime factors of q.
5
Suppose 2*q + 82 = 22. Let l = 10 - q. List the prime factors of l.
2, 5
Let k(s) = -s + 2. Let h be k(-7). Let o(r) = -r**3 + 8*r**2 + 13*r - 10. List the prime factors of o(h).
2, 13
Suppose -r + 5*o = -80 - 257, 4*o = -4*r + 1348. List the prime factors of r.
337
Let y = 86 - 55. List the prime factors of y.
31
Let z(p) = p**2 - p - 1. Let t be z(-1). Let n be 0 - 11 - (0 - t). List the prime factors of 36/(-10)*n/4.
3
Let u(d) = d**2 + d - 30. Let v be u(0). Let s = 47 + v. List the prime factors of s.
17
Suppose 3*u - 2*u = 4*r + 64, -2*u + 116 = -5*r. What are the prime factors of u?
2, 3
Let o(t) = -3*t - 6. Let w be o(-5). Suppose h = 2 + w. Suppose -2*m - 5*k + 18 = 0, -5*m + 2*k + h = -34. What are the prime factors of m?
3
Let x = -13 + 18. Let z = 16 - x. List the prime factors of z.
11
What are the prime factors of (-138)/(-2) - (3 - 1)?
67
What are the prime factors of (-12)/18 + 20/3?
2, 3
Let j(h) = -13*h + 7. Let w(t) = -6*t + 4. Let k(n) = 4*j(n) - 9*w(n). Suppose -3*m + 2*f + 34 = 0, m + f - 4*f = 23. What are the prime factors of k(m)?
2
Suppose 0 = 2*w - 3 - 5. Let q be (2/3)/(2/21). Let n = q - w. List the prime factors of n.
3
Suppose 7 + 0 = h. List the prime factors of h.
7
Suppose -4*d = 2*d - 1194. List the prime factors of d.
199
Let c = -7 + 10. Suppose -c*f + 40 = 4*d + 9, 3*d - 22 = -2*f. What are the prime factors of d?
2
Let r = -5 - -2. List the prime factors of 1*(-3 + 2)*r.
3
Suppose 2*m - 18 = -o, 0 = 4*m - 3*o - 7 - 9. What are the prime factors of m?
7
Let j(s) be the third derivative of 1/24*s**4 - s**2 + 0*s + 0 + 1/3*s**3. What are the prime factors of j(5)?
7
Let h(b) = 2*b + 2. Let f be (1 + 8/(-3))*-3. What are the prime factors of h(f)?
2, 3
Suppose 4*u - 30 = 3*k, -3*u + 0*k - k = -29. Let a be ((-2)/(-6))/(5/75). Suppose -a*y = -c + u, 3*c - 16 = -0*c + 4*y. List the prime factors of c.
2
Let p(h) = 6*h. Let r be p(3). Suppose -4*n = r - 62. List the prime factors of n.
11
Let w be (-1)/(-1 + 3/6). Suppose 0 = -w*d - 1 + 11. Let m = 13 - d. What are the prime factors of m?
2
What are the prime factors of 902/7 + 19/133?
3, 43
Let f(q) = -q**3 - 8*q**2 - 6*q - 1. Let b be f(-6). Let l = -25 - b. List the prime factors of l.
2, 3
Let b(s) = 68*s - 17. What are the prime factors of b(2)?
7, 17
Let z be (-15)/(-4) + (-13)/(-52). Suppose -n + 10 + z = 0. List the prime factors of n.
2, 7
Let j be 4/14 - 2/7. Suppose h - 1 = 2*h - 2*r, j = 5*r - 15. List the prime factors of h.
5
Let f(c) = -c**3 + 3*c**2 - 3. Let t be f(3). List the prime factors of t/(5 - -4)*-102.
2, 17
Suppose 2*w - 70 = 54. List the prime factors of w.
2, 31
Let f(d) = -2*d - 9. Let i be f(-7). Suppose 3*j = i*x + 14, j = 4*x - 2 + 16. Let h(z) = 2*z**2 - 2*z - 1. List the prime factors of h(j).
11
Suppose -2*n = -n - v - 94, 2*v + 286 = 3*n. What are the prime factors of n?
2, 7
Let o be 16/(-56) + 46/14. Suppose -5*z - l + 11 = 0, o*z = 6*z - 3*l - 21. List the prime factors of z/(1 - 4)*-12.
2, 3
Let h(o) = o**2 - 5*o - 7. Let t be h(6). Let w = -4 - t. List the prime factors of (0 - w) + (-1)/(-1).
2
Suppose -1 = -3*s + 2. Let q(h) = 5*h**3 - h**2. Let c(i) = -i**3. Let y(o) = s*q(o) - 6*c(o). What are the prime factors of y(1)?
2, 5
Suppose 18 = -5*k + 323. Let v = k - 42. List the prime factors of v.
19
Suppose -6 = -n - n. Suppose -5*u - 2*l = 8, -2*u - 12 = u + n*l. What are the prime factors of u - (-8 - -2 - -1)?
5
Suppose -126 = -c + 5*p, -2*p = 1 + 3. List the prime factors of c.
2, 29
Let j(a) = 4*a + 4*a**3 - 3 + 7*a**2 + 5*a**3 - 10*a**3 - 3*a. Let i be j(7). Let t(z) = 4*z - 3. List the prime factors of t(i).
13
Let b = -11 - -14. Suppose -5*c = b*t - 11, 2*t - 3*t + c = -1. List the prime factors of t.
2
List the prime factors of (3/3 - 481)*(-3)/4.
2, 3, 5
Let z = -36 + 57. What are the prime factors of z?
3, 7
Suppose 3*p + 6 = p - 2*h, -3*h = -2*p + 19. List the prime factors of p.
2
Suppose 5*l + 55 = 225. Suppose -g - 28 = -2*u, 2*u + 2*g = 6*g + l. What are the prime factors of u?
13
Let n(u) be the second derivative of -u**6/240 + u**5/24 - u**4/4 - 2*u. Let a(y) be the third derivative of n(y). What are the prime factors of a(-4)?
17
Suppose 171 = 3*c - 3*a, -c + 2*c - 72 = -4*a. List the prime factors of c.
2, 3, 5
Suppose 0 = -0*r + 12*r - 2352. What are the prime factors of r?
2, 7
Let k(c) = -c**3 - 10*c**2 - 10*c - 11. Let w be k(-9). What are the prime factors of w - (-2 + 0 + -13)?
13
Let a be 6 - ((-3)/(-3))/1. List the prime factors of 2 + a + 3/1.
2, 5
Let b be 1 - -1 - 1 - 9. Let o be 6/(-4)*b/6. List the prime factors of ((-8)/20)/(o/(-20)).
2
Let u(d) = 14*d + 4. Let x be u(9). Suppose -4*b = 5*o - x, -3*o - 4 = 2. List the prime factors of b.
5, 7
Suppose -m + 178 = 2*m - z, 2*z + 238 = 4*m. List the prime factors of m.
59
Let a(f) = f**3 - 5*f**2 - 10*f + 7. What are the prime factors of a(7)?
5, 7
Suppose 4*f - 5*b + 2*b = 247, -4*f - b = -259. List the prime factors of f.
2
Suppose 4*q - 4*j + 16 = 2*q, q + 4*j - 10 = 0. Let s(w) be the third derivative of w**5/15 + w**4/8 + w**3/6 + 2*w**2. What are the prime factors of s(q)?
11
Let o(h) = h + 18. List the prime factors of o(8).
2, 13
Let l = 272 - 181. What are the prime factors of l?
7, 13
Suppose 6*c + 66 = 3*i + 2*c, 2*i - 3*c - 45 = 0. List the prime factors of i.
2, 3
Let b(i) = i**3 - 8*i**2 + 13*i - 3. List the prime factors of b(6).
3
Let x(m) = m**2 + 3*m - 1. Let w be x(-4). Suppose -o = w*o - 80. List the prime factors of o.
2, 5
Let i = -20 + 39. Suppose -2*c = 3*f - i, 3*c - 2*f + f = 56. List the prime factors of c.
17
Suppose -2*c + 3*x = 1, 0*c - 5*x - 3 = -4*c. Let h(l) = -l + 7. Let y be h(8). Let o = y + c. List the prime factors of o.
2, 3
Let f(i) = i + 38. What are the prime factors of f(10)?
2, 3
Let k(o) = o**3 + o**2 + o - 1. Let a(t) = -t**3 + t**2 - 3*t - 5. Let d(j) = -a(j) - 2*k(j). What are the prime factors of d(-3)?
2
Suppose q + 6 = 1. Let d = q - 10. Let i = d + 32. What are the prime factors of i?
17
Let t(l) = 3*l**2 - l - 1. Let n be t(-1). Let f = -1 + n. What are the prime factors of f?
2
Let s be (0 + -1)/(3/(-9)). Suppose 0*b + 61 = s*g - 5*b, 0 = -2*g + 5*b + 49. What are the prime factors of g?
2, 3
Let c be 37/3 - 4/(-6). Let y = c - 3. List the prime factors of y.
2, 5
List the prime factors of (-146)/(-2) - 16/8.
71
Let u be (6 - 0)/(7/(-63)). List the prime factors of ((-8)/6)/(4/u).
2, 3
Let m = -7 - -13. Let x = m - -9. List the prime factors of x.
3, 5
Let d(z) be the first derivative of 7*z - 1/2*z**2 + 1 + 1/3*z**3. What are the prime factors of d(0)?
7
Let n = 10 - 7. Suppose n*h + 8 = 17. What are the prime factors of h?
3
Suppose -3*m - q + 205 = -9, 5*m = 3*q + 338. What are the prime factors of m?
2, 5, 7
Let i = 23 + 18. List the prime factors of i.
41
Let b be -3 + 51/((-3)/(-1)). Suppose 0 = 4*o - 10 - b. List the prime factors of o.
2, 3
Let n(v) = 3*v - 4. Let x be n(3). Suppose -45 - 25 = -x*r. What are the prime factors of r?
2, 7
Let c = 293 - 154. Suppose -2*m - c = -4*s - 7*m, -5*s + m = -181. List the prime factors of (s/(-14))/(2/(-14)).
2, 3
Suppose -3*m + m = -48. List the prime factors of m.
2, 3
Let m = -2 - 0. Let v = m - -6. Suppose -4*b + 13 = -j, -j + 60 = v*j + 5*b. What are the prime factors of j?
7
Let r be (-5)/(3/3)*-1. Let g = 8 - r. Suppose g = 3*l - 18. List the prime factors of l.
7
Let j(c) = 9*c + 2. What are the prime factors of j(4)?
2, 19
Let o = 5 + 2. Let w = 6 + o. What are the prime factors of w?
13
Let o(x) = 14*x - 1. What are the prime factors of o(2)?
3
Suppose 9*o - 55 = 4*o. Suppose 4*q - o - 29 = 0. Suppose -r = 4*r - q. What are the prime factors of r?
2
Suppose 0*l - 25 = -5*l. Suppose -l